10) + (-64)/(-40). Suppose 30 = z - q*z. Let x = z + 58. List the prime factors of x.
2, 7
Let h be ((-4)/12)/(1/9). Let u be (-2)/(20/(-19) - -1). List the prime factors of (h - 1)/((-4)/u).
2, 19
Suppose 3*z = -4*a + 14, -6*a + 2*z = -2*a - 4. Let c(i) = 0*i - a - 1 + 0 + 6*i. What are the prime factors of c(6)?
3, 11
Let v = 2864 + -1464. What are the prime factors of v?
2, 5, 7
Let m = -382 - -678. List the prime factors of m.
2, 37
Let f(j) = -2*j**2. Let l be f(-1). Let g(k) = -30*k - 2. List the prime factors of g(l).
2, 29
Let l = -77 - -86. Suppose -l + 85 = 2*t. List the prime factors of t.
2, 19
Suppose 6*v - v + 3*f = 31, -29 = -5*v - 2*f. Suppose v*o = 10 + 70. List the prime factors of (10/4)/(8/o).
5
Suppose 83*j = 47351 + 70011. What are the prime factors of j?
2, 7, 101
Let o be (1 - 8/6) + (-3)/(-9). Suppose o = 12*s - 463 - 989. What are the prime factors of s?
11
Let o(t) = t**2 + 5*t + 6. Let k be o(-6). Let i = 7 - 12. Let h = k + i. List the prime factors of h.
7
Suppose 3*f - 291 = 5*r - 3233, -2*f = -5*r + 2943. What are the prime factors of r?
19, 31
Let r(t) = 19*t**2 + t. Let u be r(-1). Let x(q) = 2*q + 18. List the prime factors of x(u).
2, 3
Suppose -3*b = -7*b. Suppose 0 = -b*w + 3*w - 57. Suppose 5*x - 4*s + s = w, -5*x - 2 = 4*s. What are the prime factors of x?
2
What are the prime factors of (-3 - 511)/(3/(-6))?
2, 257
Let t be 3 + 2 + 1/(-1). Suppose -n = -t*n - 1500. List the prime factors of 2/(-7) - n/35.
2, 7
Let f = 27 - 25. Suppose t + 11 = f*t. List the prime factors of t.
11
Let v = 79 - 82. List the prime factors of (-1)/(((-12)/(-184))/v).
2, 23
Let h(k) = 5*k**3 - 4*k**2 + 2*k. Let b be h(2). Suppose 0 = -2*g, -5*p + 2*g - g - 45 = 0. Let o = b - p. What are the prime factors of o?
37
Suppose -2 = -4*i - 6. Let p(j) = -6*j**3 - j**2 + j + 1. Let s be p(i). Let b = 15 + s. List the prime factors of b.
2, 5
Let v(p) = 2*p**2 + 4*p - 3. Let o be v(1). Suppose 119 + 118 = o*h + 3*x, 2*h + x - 163 = 0. What are the prime factors of h?
2, 3, 7
Let w = 550 - 312. Suppose -5*s - w = -q - 58, -5*q + s + 900 = 0. What are the prime factors of q?
2, 3, 5
Suppose -4*v + 5*x + 11 = 0, -x = 2*v - 5*v + 11. Suppose 4*t - v*f = 56, 0*f = -5*t - f + 94. Suppose -t - 30 = -2*r. List the prime factors of r.
2, 3
Suppose 12 = 6*c - 60. Suppose -c*y = -6*y - 168. List the prime factors of y.
2, 7
Let l(p) = 7*p**2 - 13*p + 35. List the prime factors of l(7).
7, 41
List the prime factors of (58 - 53)*(-2 + 864)/2.
5, 431
Suppose 0*c + 7*c = 0. Suppose c = -3*t + 6*t - 219. What are the prime factors of t?
73
Let r(u) = -u**2 + 4*u**2 + u - 4*u**2. Let v be r(1). Suppose -2*l + 3 + 39 = v. What are the prime factors of l?
3, 7
Suppose -2*q + 24 = 4*q. Suppose 0 = -v + 36 + q. What are the prime factors of v?
2, 5
Suppose 5*k = 5*y + 30, -k = -0*k + 5*y. Suppose 3*u + 0*u - k*l - 218 = 0, u = 4*l + 61. List the prime factors of u.
3
List the prime factors of ((-78)/(-9) + -1)/(1/3).
23
Let z(q) = -q**3 + 12*q**2 + 17*q - 17. Let b be z(13). Let p = -24 + b. Suppose 127 - p = 4*l. What are the prime factors of l?
29
Suppose -10 = -6*s + 2. What are the prime factors of (-1)/s*1/(2/(-900))?
3, 5
Let o(h) be the first derivative of 23*h**3 - h**2/2 + 8. Let d be o(-1). Suppose 5*q - 2*n = 3*n + d, 0 = 3*q + 3*n - 48. List the prime factors of q.
3, 5
Suppose 4*n + 11492 = 3*m, 13*n - 11477 = -3*m + 14*n. List the prime factors of m.
2, 239
Suppose c - 7 - 21 = 0. Let a = -17 + c. Suppose 7 = -2*b + a. List the prime factors of b.
2
Suppose 2*y - w - 8 = 2*w, -3*y + 12 = -5*w. Suppose -y*u = -3*u - 5*h + 110, -u = -4*h + 112. Let t = -80 - u. What are the prime factors of t?
2, 5
Suppose 4*o = 4*s - 2496, 3*s + 4*o = 1092 + 759. List the prime factors of s.
3, 23
Suppose 2*u + 0*u - a + 17 = 0, -11 = 2*u + 5*a. Let d = -12 - u. List the prime factors of 824/24 - d/6.
5, 7
Let t(h) = -4*h**3 - 9*h**2 - 19*h - 7. List the prime factors of t(-4).
181
Suppose 0 = -357*j + 362*j - 3800. List the prime factors of j.
2, 5, 19
Let q = -1754 - -2643. List the prime factors of q.
7, 127
Suppose 18 = -4*b - 2*y - 0*y, 0 = -4*y + 12. What are the prime factors of (-1014)/b - (1 + -1)?
13
What are the prime factors of (-10 + 1 - -13)/((-4)/(-1462))?
2, 17, 43
Suppose -i + 71 + 56 = 0. Suppose -t - i = -3*j - 0*t, -3*j = -2*t - 122. List the prime factors of j.
2, 11
Let k(j) = 2*j**2 - 8*j - 23. Let u be k(-4). Suppose 8*x - 7 = u. What are the prime factors of x?
2, 3
Suppose 3*a = -q - q - 187, -3*q = 3*a + 279. Let y = -35 - q. What are the prime factors of y?
3, 19
Suppose 4*z - j - 88 = 0, -72 = 3*z - 7*z + 5*j. List the prime factors of z.
23
Suppose 0 = -5*d - i + 5970, 3*i = 3*d - 8*d + 5970. List the prime factors of d.
2, 3, 199
Let g(c) = c**3 + 6*c**2 - c - 7. Let j be g(-6). Let f be (-4 - (3 + -2))/j. Suppose 3*m - 125 = p, 2*m + 0*p - f*p - 105 = 0. List the prime factors of m.
2, 5
Let k(b) = 150*b**2 - 73*b**2 - 12 + 5*b - 75*b**2. What are the prime factors of k(6)?
2, 3, 5
Let k(r) = -r**3 + 5*r**2 - 7*r + 10. Let n be k(4). List the prime factors of 2/n*354/((-6)/1).
59
Suppose 18*j = 5*j + 13494. What are the prime factors of j?
2, 3, 173
Suppose -3*c = -0*c - 3. Let k(h) = 3*h**3 + h. Let x be k(c). List the prime factors of 6/x*40/15.
2
Suppose 3*p = 5*m + 37, -7 = 3*m - 1. Suppose 6*w = p*w - 21. List the prime factors of w.
7
Let q(u) = u + u**3 - 32 + 27 + 5*u + 9*u**2 + 13. Let s(k) = 8*k + 1. Let g be s(-1). List the prime factors of q(g).
2
Let r(q) be the second derivative of -q**3/6 - 9*q. Let h be r(4). What are the prime factors of h/3*-3 + 5?
3
Let i = -70 - -74. Suppose 3*d - 249 = -3*j, -d + i*j - 166 = -3*d. What are the prime factors of d?
83
Let x = -73 - -277. List the prime factors of x.
2, 3, 17
Let h be 58/3 + 1/(-3). Let c = 32 - h. What are the prime factors of 2/c + (-245)/(-13)?
19
Suppose 0 = z + 1, -34 = -2*k - 2*z + 6*z. Let i = k + 14. List the prime factors of i.
29
Let v(f) = -f**2 - 13*f + 5. Let h be v(-14). Let q = h - -45. What are the prime factors of q?
2, 3
Let l(y) = -29 + 0*y - 2*y + 48. Let m be l(13). Let u(n) = n**2 + 5*n + 3. List the prime factors of u(m).
17
Suppose 4*p - 1765 = -3*q, -2*p - 5*q + 664 = -229. What are the prime factors of p?
439
Suppose -5*a = -4*v - 11, -5 = -2*a + 2*v - v. What are the prime factors of (15 - (0 - 2))*a?
3, 17
Let c be 1/(-4) - 9/(-4). List the prime factors of (5 - 7)*(-15)/c.
3, 5
Let t(i) = 77*i**2 + 47*i - 23. What are the prime factors of t(-6)?
2467
Suppose -2*c = -3*a + 56, a = -2*c + c + 27. Let z be 165/a*(-18)/(-5). Suppose z + 21 = 3*t. What are the prime factors of t?
2
Suppose -4*o + 2*n = -4319 - 4437, 5*o - 3*n - 10947 = 0. List the prime factors of o.
3
Suppose 4*k - 2*k - 5*u - 18 = 0, -4*k = -u. What are the prime factors of ((-15)/(-5))/k*-7?
3, 7
Let f(b) = -13*b + 6. Let h be f(-13). Suppose 2*w + h = 635. What are the prime factors of w?
2, 5, 23
Let p(j) = -3*j**2 - 56*j - 35. List the prime factors of p(-17).
2, 5
Suppose 8 = 6*v + 26. What are the prime factors of 58 + (v/(12/(-8)) - 4)?
2, 7
Suppose 3*q + 36 = -4*k, 4*k - 5*k = -2*q - 13. Let x = -4 - q. Suppose 5*t - 3 = 3*v, 2*t + 10 = x*t + v. What are the prime factors of t?
3
Suppose 2*l - 2*x + 82 = 7*l, 2*x - 50 = -3*l. Let y be (-4)/6*-1*3. Suppose 0*z + l = y*z. What are the prime factors of z?
2
Let l be 87/(-12) - 2/(-8). Let r be (-27)/(-12) - l/(-28). Suppose 2*j - 278 = -4*y, -6*j = -4*y - r*j + 248. List the prime factors of y.
67
Let j = 10 - -9. Let l = j + -19. Suppose -3*m = 3*i - 132, l = -i - 4*i + 5*m + 180. List the prime factors of i.
2, 5
What are the prime factors of (4166/6 - 1) + 4/6?
2, 347
Let q = 4 - 14. Let n(g) = -5*g**2 - 6*g + 5. Let v be n(q). List the prime factors of 1/4 + v/(-20).
2, 11
Let x(f) = f**3 + 29*f**2 - 26*f + 50. What are the prime factors of x(-26)?
2, 3, 17
Suppose 0*c - 21 = -2*o - c, -2*c = -5*o + 39. List the prime factors of (-16)/8 + 3*1 + o.
2, 5
Let w(n) = -n + 8. Let u be ((-5)/(-20))/((-2)/6)*16. List the prime factors of w(u).
2, 5
Let g be -3 - (1 - 0)*-6. Suppose -g*w + 7 + 5 = 0. Suppose 4*y = w*o + 194 - 42, 0 = 4*y + 4*o - 160. List the prime factors of y.
3, 13
What are the prime factors